hat is 0 + -42?
-42
In base 7, what is 34 - -11?
45
In base 10, what is -1 - 15?
-16
In base 16, what is 1 - -4f?
50
In base 13, what is -4a - -1?
-49
In base 13, what is 2 - -3c7?
3c9
In base 2, what is -10011 - -11011?
1000
In base 7, what is 6 + -2004?
-1665
In base 5, what is -1100 + 412?
-133
In base 11, what is 899 + 2?
8a0
In base 5, what is -4 + -13113?
-13122
In base 8, what is 2 - 14?
-12
In base 14, what is -2b04 - -3?
-2b01
In base 13, what is -13 + 22?
c
In base 16, what is 8 - 22?
-1a
In base 13, what is -3 - 4?
-7
In base 11, what is -62 - 25?
-87
In base 12, what is 2 - -722?
724
In base 8, what is 30 - -163?
213
In base 6, what is 115053 - 2?
115051
In base 15, what is 3318 - -1?
3319
In base 7, what is -1231 + -5?
-1236
In base 13, what is 100 + 5?
105
In base 3, what is 2111 - -10122?
20010
In base 6, what is -3 + -2502?
-2505
In base 4, what is 31 + -11?
20
In base 9, what is 306 + 5?
312
In base 12, what is 0 - 144?
-144
In base 3, what is 0 + 122?
122
In base 10, what is 9 + -15?
-6
In base 13, what is 12b - 5?
126
In base 8, what is -1200 - -1?
-1177
In base 4, what is 3003 - -3?
3012
In base 8, what is 452 - -5?
457
In base 10, what is 91 + 194?
285
In base 8, what is -35 - -76?
41
In base 9, what is 6 - -772?
778
In base 9, what is -3 - 22?
-25
In base 15, what is -3 + 6a?
67
In base 10, what is 242 - -29?
271
In base 6, what is -20 + 20502?
20442
In base 10, what is 19621 + 1?
19622
In base 12, what is -197 + -3?
-19a
In base 13, what is -c6 - -4?
-c2
In base 9, what is -31 + 145?
114
In base 6, what is 20451 + -4?
20443
In base 16, what is -5 + 4e?
49
In base 14, what is -3 - -30?
2b
In base 9, what is 10 - 1053?
-1043
In base 15, what is 4 + 3?
7
In base 10, what is -24 + 16?
-8
In base 14, what is -1c - 3?
-21
In base 2, what is -1111000110 - 10?
-1111001000
In base 6, what is -25 + 15?
-10
In base 4, what is -2 - -20?
12
In base 3, what is 100212 + 1?
100220
In base 13, what is 2a4c - -5?
2a54
In base 4, what is 3203 - 10?
3133
In base 10, what is 0 + 9?
9
In base 10, what is -49 + -103?
-152
In base 7, what is -3 - 563?
-566
In base 16, what is -2 - b?
-d
In base 4, what is 2321 - -22?
3003
In base 8, what is -4 - 4102?
-4106
In base 2, what is -11101 + -1111101?
-10011010
In base 5, what is -1040 + 10?
-1030
In base 7, what is 5 - -2634?
2642
In base 9, what is -6 + -76?
-83
In base 2, what is -111111100001 - 10?
-111111100011
In base 9, what is -4413 - 11?
-4424
In base 2, what is -10011101 - -1011?
-10010010
In base 3, what is 110211 - 12?
110122
In base 14, what is 5c4 + -5?
5bd
In base 4, what is -30012 + -3?
-30021
In base 11, what is 379 - -58?
426
In base 9, what is -22 - -36?
14
In base 16, what is -2 - -58?
56
In base 5, what is -21023 - -13?
-21010
In base 3, what is 0 + -210000?
-210000
In base 4, what is 0 - -2032?
2032
In base 9, what is -58134 + 0?
-58134
In base 11, what is 38251 - 4?
38248
In base 3, what is 0 - -1220?
1220
In base 10, what is 877 - 1?
876
In base 6, what is 134 - 11?
123
In base 9, what is 3 - -877?
881
In base 2, what is 1010101 - -110?
1011011
In base 15, what is 1937 - 5?
1932
In base 6, what is -1433 + -1?
-1434
In base 8, what is -70 - -7?
-61
In base 3, what is 12 - -1100202?
1100221
In base 3, what is 12 - -100101?
100120
In base 9, what is 236 - -1?
237
In base 10, what is 2 + -557?
-555
In base 4, what is 21 + 11?
32
In base 16, what is 3de - -1a?
3f8
In base 8, what is 73 + -4?
67
In base 13, what is 3 + 169?
16c
In base 12, what is 6 - 409?
-403
In base 15, what is -4a - 3?
-4d
In base 15, what is -4 + -545?
-549
In base 13, what is 10 + 2?
12
In base 11, what is -36 - 15?
-50
In base 13, what is a - a3?
-96
In base 3, what is 1100201 - 2?
1100122
In base 8, what is 3 + -15305?
-15302
In base 4, what is 3032100 + 10?
3032110
In base 5, what is -444 - -30?
-414
In base 2, what is 0 - 100100?
-100100
In base 9, what is 3 - -44?
47
In base 7, what is 123643 - -4?
123650
In base 4, what is -10 + 1203102?
1203032
In base 12, what is -259 + 1?
-258
In base 12, what is -9 + -9?
-16
In base 11, what is -135a - 1?
-1360
In base 4, what is 12 - 3?
3
In base 16, what is -1 - 208d?
-208e
In base 10, what is 270 + 1?
271
In base 16, what is -1ee + -5?
-1f3
In base 7, what is -5 - -42?
34
In base 12, what is 72 + -3?
6b
In base 6, what is -1505 - 20?
-1525
In base 5, what is 2 - 123443?
-123441
In base 7, what is -1562 + 1?
-1561
In base 12, what is 9 - 21a?
-211
In base 16, what is 110 + 7?
117
In base 10, what is -43 + 4?
-39
In base 16, what is 33 + -2e?
5
In base 11, what is 11 - -52?
63
In base 13, what is -5 + 1073?
106b
In base 3, what is 11011102 - 11?
11011021
In base 8, what is -1076 + -3?
-1101
In base 2, what is 100 - -1111000100?
1111001000
In base 4, what is -111 - -10?
-101
In base 12, what is a - 91?
-83
In base 12, what is 3 - -351?
354
In base 8, what is 15 - 12?
3
In base 3, what is -21 - -10020?
2222
In base 5, what is 44 + -4?
40
In base 16, what is -14ef + -4?
-14f3
In base 7, what is 4 + 22?
26
In base 2, what is -10 - -110001?
101111
In base 3, what is 110200 + 100?
111000
In base 16, what is 3 - -391?
394
In base 11, what is 86a8 + 2?
86aa
In base 15, what is 1d - a?
13
In base 16, what is 2 + 31?
33
In base 6, what is 33 + 1?
34
In base 5, what is -412 + -102?
-1014
In base 9, what is -5 - 448?
-454
In base 3, what is -102222120 - 12?
-102222202
In base 5, what is -10 + 1403?
1343
In base 6, what is 14144 + -4?
14140
In base 2, what is 101 + -11011001?
-11010100
In base 12, what is 3 + -b7a?
-b77
In base 4, what is 2330 - 12?
2312
In base 8, what is 5 + 11124?
11131
In base 6, what is 3 - -123?
130
In base 7, what is 0 + 623?
623
In base 4, what is 20 - -101?
121
In base 3, what is -11100 - 12?
-11112
In base 13, what is 4 - 481?
-47a
In base 5, what is 0 + 234?
234
In base 7, what is 121 + 0?
121
In base 5, what is 11 + 3423?
3434
In base 5, what is 144 + 10?
204
In base 5, what is 0 + -34?
-34
In base 4, what is 133 + 0?
133
In base 14, what is -42 - a7?
-109
In base 10, what is -1580 + 1?
-1579
In base 13, what is -30 - -4?
-29
In base 12, what is -27 + -13?
-3a
In base 14, what is 258 - -5?
25d
In base 2, what is -110 - -10101?
1111
In base 10, what is -6 + -3427?
-3433
In base 2, what is 10 - -11000010?
11000100
In base 10, what is 486 + 5?
491
In base 10, what is 6 + -83?
-77
In base 15, what is -1b - c?
-28
In base 5, what is 321 + 1?
322
In base 16, what is -1c - -114?
f8
In base 5, what is 2444 + 4?
3003
In base 15, what is -1 + -26e?
-270
In base 6, what is -2 + 135?
133
In base 6, what is -3 + 4301?
4254
In base 16, what is -d + 1?
-c
In base 12, what is 5 + 60?
65
In base 10, what is 5 + -15?
-10
In base 5, what is -10242 + 3?
-10234
In base 2, what is -1101111 - 10?
-1110001
In base 8, what is 1731 + -2?
1727
In base 7, what is -3 + 222?
216
In base 6, what is -1402 + 3?
-1355
In base 4, what is -31 - -1032?
1001
In base 8, what is -20 - -3?
-15
In base 12, what is 14 + -6?
a
In base 11, what is 9 - 107?
-a9
In base 16, what is c4f + -5?
c4a
In base 11, what is -4 - 4553?
-4557
In base 16, what is e - -58?
66
In base 9, what is 511 - 4?
506
In base 11, what is 8 + -6?
2
In base 7, what is 343 + 3?
346
In base 6, what is 5314 - 3?
5311
In base 16, what is 3b - -8?
43
In base 13, what is 2140 + -4?
2139
In base 11, what is -23 + 3?
-20
In base 7, what is 14 + 1201?
1215
In base 9, what is 3 + 370?
373
In base 8, what is 1 - -2241?
2242
In base 5, what is 13241 + 0?
13241
In base 3, what is 11 + -12?
-1
In base 7, what is -3 + -430?
-433
In base 3, what is -2121212 + -1?
-2121220
In base 16, what is -13d + 1?
-13c
In base 6, what is -4 + 5345?
5341
In base 15, what is -14 - -a5?
91
In base 4, what is -10310 - -13?
-10231
In base 16, what is -18 + -3?
-1b
In base 6, what is -3 - 4?
-11
In base 2, what is 10000101 + 0?
10000101
In base 2, what is 101101001 - -1?
101101010
In base 3, what is -100 + 22222?
22122
In base 6, what is 2134 - 3?
2131
In base 3, what is 2 + 1112?
1121
In base 2, what is 0 - -1010001?
1010001
In base 6, what is 101001 + 5?
101010
In base 7, what is -223 - -3?
-220
In base 15, what is c30a + 2?
c30c
In base 7, what is -3 + 60?
54
In base 14, what is 41 + -5?
3a
In base 3, what is -101011 - 12?
-101100
In base 14, what i